 be (-2 + 32/12)*3. Suppose -3*o - 14 + 6 = -5*a, -3*a = -v*o - 4. Calculate the remainder when 50 is divided by 3/6 + 66/o.
16
Let u be (-6)/(-18) - 46/(-6). Suppose u*a - 5*a = 9. Calculate the remainder when (2/(-3))/((-1)/6) is divided by a.
1
Suppose -10*q = -12*q + 10. Let h = 347 - 338. Calculate the remainder when h is divided by q.
4
Let h(x) = x**3 + 7*x**2 + 3*x - 11. Suppose 4*c + 5*p - 26 = 0, -5*p = -c + 2*c + 1. Let g = -15 + c. Calculate the remainder when 26 is divided by h(g).
5
Suppose 0 = 5*r - 4*d - 657, -54*r + 53*r + 139 = 3*d. Calculate the remainder when r is divided by 17.
14
Let l = 57 - 35. Suppose x - 36 = -2*x. What is the remainder when l is divided by x?
10
Suppose 397 + 1089 = -2*o. Let p = o - -507. Let s = -151 - p. Calculate the remainder when s is divided by 22.
19
Let o = 50 - 46. Let v(p) = 52*p - 10. Calculate the remainder when v(o) is divided by 40.
38
Suppose -3*x + 12 = -3*z, 4*x = -7*z + 3*z + 56. Let r(b) = b**3 - 9*b**2 + 9*b - 4. What is the remainder when r(x) is divided by 8?
5
Let l = 1860 - 871. What is the remainder when l is divided by 90?
89
Suppose -b = -0 - 124. Suppose b = -0*q + 4*q. What is the remainder when 122 is divided by q?
29
Let a(o) = -o**3 + 11*o**2 - 9*o - 10. Let z be a(10). Suppose -3*w - 13 + 67 = z. Calculate the remainder when (5/1)/(12/84) is divided by w.
17
What is the remainder when (-3 + 10 + -15)*(-29)/2 is divided by 12?
8
Let o be -127*1 - (2 + 0). What is the remainder when (18/(-6))/(9/o) is divided by 22?
21
Let z = 618 - 324. What is the remainder when z is divided by 11?
8
Suppose 4*x + c = 601, -x + 3*c - 6*c + 142 = 0. Calculate the remainder when x is divided by 9.
7
Let w = -14 - -20. Let b be (14/42)/((-2)/6). What is the remainder when w is divided by ((-3)/(-2) + b)*6?
0
Let m(q) = 18*q + 39. Calculate the remainder when 82 is divided by m(-1).
19
Let q = -2398 + 2425. Let k = 23 - 12. Calculate the remainder when q is divided by k.
5
Let j(y) = 6 - 3*y - y + 5*y. Suppose -24*w - 65 = -29*w. Calculate the remainder when j(w) is divided by 7.
5
Suppose -c + 692 + 1755 = 5*q, 0 = -5*q - 3*c + 2441. What is the remainder when q is divided by 25?
15
Suppose -3*l - 84 = -222. Calculate the remainder when 159 is divided by l.
21
Suppose 4*j = -3*x - 2*x + 5, j = -2*x + 2. Suppose n + n - 14 = j. Calculate the remainder when n is divided by 2 + (3 - (0 + 1)).
3
Let f(t) = -t**2 + 6*t - 2. Let b(k) = 5*k - 1. Let l be b(1). Let q = 20 + -9. What is the remainder when q is divided by f(l)?
5
Calculate the remainder when (-55 + 54/3)/((-1)/7) is divided by 83.
10
What is the remainder when (-218)/(-4) + 35/70 is divided by 28?
27
Let b = 103 - 19. Suppose 4*i - b = -16. Suppose 2*p + 13 = -3*t + 4*t, 5*t - 5*p = 50. Calculate the remainder when i is divided by t.
3
Suppose 5 = -2*f + 4*b - 7, -2*f - 10 = -3*b. Let m be 2/4*f - -1. Suppose -p - 4*p = -3*r - 58, -4*r + 16 = m. Calculate the remainder when 26 is divided by p.
12
Suppose 2*g - 1 = 5*g + 4*p, -2*p - 3 = -g. What is the remainder when 2 is divided by g?
0
Let a(i) = 2*i**2 + 41*i + 295. What is the remainder when 593 is divided by a(-10)?
83
Let s = 43 - 31. Let a = 14 + -4. Suppose 45 - a = 5*d. Calculate the remainder when s is divided by d.
5
Let j(k) = k**2 - k + 68. Let x be j(0). Suppose 10 = 6*u - x. What is the remainder when 25 is divided by u?
12
Let g = -238 - -262. Calculate the remainder when 455 is divided by g.
23
Suppose 4*i - 15 = 3*z, 0 + 4 = -4*z. Suppose -i = 2*t + t, -16 = -3*x + t. Suppose x = 3*h - 4. What is the remainder when h is divided by 1?
0
Suppose 3*z = -1 + 10, 0 = -2*y - z + 11. What is the remainder when 102 is divided by y?
2
Suppose 12*p + 15 = 13*p. Let i = 33 - p. Let h(z) = 9*z**2 - 3*z - 3. What is the remainder when h(3) is divided by i?
15
Suppose 22*s - 365 = 141. Calculate the remainder when s is divided by 2.
1
Let n(q) = -2 + 5 + q + 1. Suppose -63*u + 2592 - 573 = -186. What is the remainder when u is divided by n(8)?
11
Let b(a) = -49*a + 250. Suppose -4*x - x + 35 = 0. Suppose 3*y + x = -5, -v - y = -9. What is the remainder when v is divided by b(5)?
3
Let h be 9/6*(-4)/(-3). What is the remainder when ((-1)/(-4) + h)/(1/16) is divided by -2 + 10/2*3?
10
Suppose -3*s + 131 + 193 = 0. Let c = -4594 - -4622. What is the remainder when s is divided by c?
24
Let i(h) = -h**3 - 5*h**2 - 2*h - 5. Let z be i(-5). Calculate the remainder when (z*-2)/((-6)/15) is divided by -2 - 30*6/(-12).
12
Let f(k) be the first derivative of k**2 - 10*k - 1. Let y = 2 - -1. Calculate the remainder when f(7) is divided by y.
1
Suppose -3*z + 12 = 0, 2*z + 48 = -4*s + 6*z. What is the remainder when (-4)/(-2) + (s - -13) is divided by 2?
1
Let f(o) = -7*o + 5. Let q be f(-5). Let v = -31 + q. What is the remainder when 42 is divided by v?
6
Suppose w = 12*r - 7*r - 11, 5*w - 33 = 3*r. Let h = -1 + -45. Let d = h - -80. What is the remainder when d is divided by w?
7
Suppose -64 = -5*h + h. Suppose 4*a = -109 + 101, -3*p + 131 = 2*a. What is the remainder when p is divided by h?
13
Suppose 0 = 4*w - 8, 5*b - 103 = -3*w + 4*w. Let j = 30 - 30. Suppose v - 62 = -j*v. What is the remainder when v is divided by b?
20
Let t(d) = d**3 - 7*d**2 + 11*d. Suppose 0 = -2*g + 9 + 1, 2*k + 5*g = 37. What is the remainder when t(k) is divided by 11?
8
Let n(l) = -6*l - 47. Let v(q) = -q - 1. Let k(x) = n(x) - v(x). Calculate the remainder when 70 is divided by k(-14).
22
Let j = 11 + -11. Suppose 4*y + w - 250 = -j*y, 0 = 5*y + w - 312. What is the remainder when y is divided by 32?
30
Let q(f) = -11 - 8*f - 4*f**3 - 9*f**2 - 4*f**3 + 4*f**3 + 5*f**3. What is the remainder when 15/6*66/5 is divided by q(10)?
6
Suppose 357*m = 346*m + 814. What is the remainder when m is divided by 60?
14
Let i = 3556 + -3473. Let f(s) = 43*s**3 - 1. Let r be f(1). Suppose -k + 21 = -3*d - 0, r = 2*k + 4*d. Calculate the remainder when i is divided by k.
20
Suppose 2*f = -5*q - 95 + 291, 3*f - 199 = -5*q. Let h = q - 29. Calculate the remainder when h is divided by 5.
4
Let q(g) = -53*g - 64. What is the remainder when q(-3) is divided by 7?
4
Let b = -8 + 11. Let d = 6 - b. Suppose 0 = -d*v + 6*v - 33. What is the remainder when 31 is divided by v?
9
Suppose 0 = -3*t + 7*t - 8. Suppose -24 = -4*w + 2*w. Calculate the remainder when -14*28/(-8) - t is divided by w.
11
Suppose 15 + 1 = 2*v. Let k(d) = d - 6. Let i be k(8). Suppose -i*a = -0*a - 58. What is the remainder when a is divided by v?
5
Suppose -432*i = -415*i - 272. What is the remainder when 103 is divided by i?
7
Let w = 23 + -22. Let l = 6 - w. What is the remainder when 27 is divided by l?
2
Let k(t) = t + 1. Let x be k(-2). Calculate the remainder when 71 is divided by ((8/10)/x)/(4/(-180)).
35
Suppose 133*o = 138*o - 695. What is the remainder when o is divided by 47?
45
Let w(t) = 850*t + 5. Let b be w(1). Suppose -3*h - h + i + b = 0, -3*i + 217 = h. What is the remainder when h is divided by 54?
52
Let c(v) = -16*v + 33. Calculate the remainder when 117 is divided by c(1).
15
Let q(p) = 5*p**2 + 21*p + 31. Calculate the remainder when q(16) is divided by 16.
15
Suppose 5*j - 2*c + 0*c = 8, -j = 3*c - 5. Suppose -j*m - 3*m + 5*s = -170, 4*s + 105 = 3*m. Calculate the remainder when 89 is divided by m.
27
Let q be (-2 - (-10)/15)*(-156 - 0). Let i = q - 38. What is the remainder when i is divided by 43?
41
Let c be 49 - 2/(7/((-63)/(-6))). Let j = c - 16. Calculate the remainder when 86 is divided by j.
26
Let s(f) = -3*f - 12. Let n be s(-5). Suppose -17 = -3*d - 5*u, n*d + 3*u + 5 = 5*d. Let x = 6 + d. Calculate the remainder when 38 is divided by x.
8
Let w = 434 - 290. What is the remainder when w is divided by 76?
68
Let m = 7 - 2. Suppose l - 51 = -5*a + 2*l, a = m*l + 15. Calculate the remainder when 19 is divided by a.
9
Let l(n) = -n - 8. Let d(w) = -9. Let u(f) = -3*d(f) + 4*l(f). What is the remainder when u(-7) is divided by 5?
3
Suppose -13*z - 76 = -479. What is the remainder when 35 is divided by z?
4
Calculate the remainder when 145 is divided by (-7303)/(-201) - (-5)/3.
31
Suppose -m - 16 = -2*m. Let l(q) = -31*q**3 - 2*q**2 + q + 1. Let u(j) = j + 3. Let b be u(-4). What is the remainder when l(b) is divided by m?
1